{"id":33,"date":"2019-09-05T13:23:37","date_gmt":"2019-09-05T11:23:37","guid":{"rendered":"http:\/\/aquasantebeloeil.be\/?page_id=33"},"modified":"2023-12-06T19:54:08","modified_gmt":"2023-12-06T18:54:08","slug":"seances-individuelles","status":"publish","type":"page","link":"http:\/\/aquasantebeloeil.be\/index.php\/seances-individuelles\/","title":{"rendered":"S\u00e9ances individuelles et semi-collectives"},"content":{"rendered":"\n<p class=\"has-text-align-left has-text-color has-background has-medium-font-size\" style=\"color:#26668e;background-color:#c8e8ff;font-style:normal;font-weight:300\">Coaching individuel&nbsp;&#8211; Dur\u00e9e : 60 min<\/p>\n\n\n\n<p class=\"has-text-align-right has-text-color has-medium-font-size\" style=\"color:#6a9602\">Personne en charge : TANCREDI Adriano <\/p>\n\n\n\n<p class=\"has-text-align-center has-medium-font-size\" style=\"font-style:normal;font-weight:300\"><br> Les s\u00e9ances de coaching individuel sont id\u00e9ales si vous cherchez une prise en charge pr\u00e9cise et adapt\u00e9e \u00e0 vos attentes. Adriano \u00e9tablira avec soin un programme r\u00e9pondant \u00e0 vos objectifs afin d&rsquo;obtenir un r\u00e9sultat optimum.<\/p>\n\n\n\n<p> <\/p>\n\n\n\n<div style=\"height:66px\" aria-hidden=\"true\" class=\"wp-block-spacer\"><\/div>\n\n\n\n<p class=\"has-text-color has-medium-font-size\" style=\"color:#6a9602\">Tarifs coaching individuel <\/p>\n\n\n\n<figure class=\"wp-block-table is-style-stripes has-medium-font-size\"><table class=\"has-fixed-layout\"><thead><tr><th><\/th><th class=\"has-text-align-center\" data-align=\"center\"><\/th><th class=\"has-text-align-center\" data-align=\"center\"><\/th><\/tr><\/thead><tbody><tr><td> 1 s\u00e9ance<\/td><td class=\"has-text-align-center\" data-align=\"center\"> 45 \u20ac<\/td><td class=\"has-text-align-center\" data-align=\"center\"> 40 \u20ac<\/td><\/tr><tr><td>10 s\u00e9ances<\/td><td class=\"has-text-align-center\" data-align=\"center\">400 \u20ac<\/td><td class=\"has-text-align-center\" data-align=\"center\">350 \u20ac<\/td><\/tr><\/tbody><\/table><figcaption class=\"wp-element-caption\">                                                                                                                                                    *   Sur pr\u00e9sentation de la carte \u00e9tudiant<\/figcaption><\/figure>\n\n\n\n<div style=\"height:47px\" aria-hidden=\"true\" class=\"wp-block-spacer\"><\/div>\n\n\n\n<p class=\"has-text-color has-medium-font-size\" style=\"color:#6a9602\">Tarifs coaching semi-collectif<\/p>\n\n\n\n<p class=\"has-text-color has-medium-font-size\" style=\"color:#024064;font-style:normal;font-weight:200;letter-spacing:5px\">Profitez de votre s\u00e9ance entre amis ou en famille<\/p>\n\n\n\n<figure class=\"wp-block-table is-style-stripes has-medium-font-size\"><table class=\"has-fixed-layout\"><thead><tr><th class=\"has-text-align-center\" data-align=\"center\">3 \u00e0 5 personnes<\/th><th class=\"has-text-align-center\" data-align=\"center\">Adultes<\/th><\/tr><\/thead><tbody><tr><td class=\"has-text-align-center\" data-align=\"center\"> 1 s\u00e9ance<\/td><td class=\"has-text-align-center\" data-align=\"center\"> 15 \u20ac \/ PP<\/td><\/tr><tr><td class=\"has-text-align-center\" data-align=\"center\">10 s\u00e9ances<\/td><td class=\"has-text-align-center\" data-align=\"center\">120 \u20ac \/ PP<\/td><\/tr><\/tbody><\/table><figcaption class=\"wp-element-caption\">                                                                                                                                                    *   Sur pr\u00e9sentation de la carte \u00e9tudiant<\/figcaption><\/figure>\n\n\n<a class=\"has-text-color has-white-color wp-block-read-more\" href=\"http:\/\/aquasantebeloeil.be\/index.php\/seances-individuelles\/\" target=\"_self\">Lire la suite<\/a>\n\n\n<div style=\"height:78px\" aria-hidden=\"true\" class=\"wp-block-spacer\"><\/div>\n\n\n\n<p class=\"has-text-align-left has-text-color has-background has-medium-font-size\" style=\"color:#26668e;background-color:#c8e8ff;font-style:normal;font-weight:300\">Bilan sant\u00e9&nbsp;&#8211; Dur\u00e9e : 30 min<\/p>\n\n\n\n<p class=\"has-text-align-right has-text-color has-medium-font-size\" style=\"color:#6a9602\">Coach : TANCREDI Adriano <\/p>\n\n\n\n<p><\/p>\n\n\n\n<p class=\"has-text-align-center has-medium-font-size\" style=\"font-style:normal;font-weight:300\">Le bilan vous permettra \u00e0 tous, sportif ou non, de faire le point sur votre \u00e9tat de sant\u00e9 avant la reprise du sport. Durant 30 minutes Adriano \u00e9tablira votre dossier qui s&rsquo;av\u00e8rera \u00eatre un compte rendu de votre \u00e9tat physique du moment (masse maigre, masse grasse, pr\u00e9f\u00e9rences motrices, &#8230;). Si vous souhaitez reprendre le sport, ce bilan est id\u00e9al afin de poser de bonnes bases pour une reprise sous contr\u00f4le et adapt\u00e9e \u00e0 vos besoins.<\/p>\n\n\n\n<p class=\"has-text-color has-medium-font-size\" style=\"color:#6a9602\">Tarifs : 20\u20ac \/ s\u00e9ance<\/p>\n\n\n\n<div style=\"height:47px\" aria-hidden=\"true\" class=\"wp-block-spacer\"><\/div>\n\n\n\n<p class=\"has-text-align-center has-text-color has-large-font-size\" style=\"color:#03476f;font-style:normal;font-weight:200;letter-spacing:3px\">Informations et r\u00e9servations : 0497 46 74 38<\/p>\n\n\n\n<div class=\"wp-block-media-text alignwide is-stacked-on-mobile\"><figure class=\"wp-block-media-text__media\"><video controls src=\"http:\/\/aquasantebeloeil.be\/wp-content\/uploads\/2022\/11\/299365440_5392196324208236_5776762421419572265_n.mp4\"><\/video><\/figure><div class=\"wp-block-media-text__content\">\n<pre class=\"wp-block-verse has-text-color\" style=\"color:#035b8e\"><em>\" Merci Adriano pour ton travail. Gr\u00e2ce aux conseils avis\u00e9s et \u00e0 la prise en charge adapt\u00e9e, j'ai pu perdre plusieurs kilos et me sentir mieux dans ma peau \"\nGino, 56 ans<\/em><\/pre>\n<\/div><\/div>\n","protected":false},"excerpt":{"rendered":"<div class=\"slide-text-bg2\"><span>Coaching individuel&nbsp;&#8211; Dur\u00e9e : 60 min Personne en charge : TANCREDI Adriano Les s\u00e9ances de coaching individuel sont id\u00e9ales si vous cherchez u<\/span><\/div>\n<div class=\"slide-btn-area-sm\"><a href=\"http:\/\/aquasantebeloeil.be\/index.php\/seances-individuelles\/\" class=\"slide-btn-sm\">Lire la suite<\/a><\/div>\n","protected":false},"author":1,"featured_media":0,"parent":0,"menu_order":0,"comment_status":"closed","ping_status":"closed","template":"","meta":{"sfsi_plus_gutenberg_text_before_share":"","sfsi_plus_gutenberg_show_text_before_share":"","sfsi_plus_gutenberg_icon_type":"","sfsi_plus_gutenberg_icon_alignemt":"","sfsi_plus_gutenburg_max_per_row":""},"_links":{"self":[{"href":"http:\/\/aquasantebeloeil.be\/index.php\/wp-json\/wp\/v2\/pages\/33"}],"collection":[{"href":"http:\/\/aquasantebeloeil.be\/index.php\/wp-json\/wp\/v2\/pages"}],"about":[{"href":"http:\/\/aquasantebeloeil.be\/index.php\/wp-json\/wp\/v2\/types\/page"}],"author":[{"embeddable":true,"href":"http:\/\/aquasantebeloeil.be\/index.php\/wp-json\/wp\/v2\/users\/1"}],"replies":[{"embeddable":true,"href":"http:\/\/aquasantebeloeil.be\/index.php\/wp-json\/wp\/v2\/comments?post=33"}],"version-history":[{"count":24,"href":"http:\/\/aquasantebeloeil.be\/index.php\/wp-json\/wp\/v2\/pages\/33\/revisions"}],"predecessor-version":[{"id":838,"href":"http:\/\/aquasantebeloeil.be\/index.php\/wp-json\/wp\/v2\/pages\/33\/revisions\/838"}],"wp:attachment":[{"href":"http:\/\/aquasantebeloeil.be\/index.php\/wp-json\/wp\/v2\/media?parent=33"}],"curies":[{"name":"wp","href":"https:\/\/api.w.org\/{rel}","templated":true}]}}

Séances individuelles et semi-collectives

<p class="has-text-align-left has-text-color has-background has-medium-font-size" style="color:#26668e;background-color:#c8e8ff;font-style:normal;font-weight:300">Coaching individuel&nbsp;&#8211; Durée : 60 min</p>



<p class="has-text-align-right has-text-color has-medium-font-size" style="color:#6a9602">Personne en charge : TANCREDI Adriano </p>



<p class="has-text-align-center has-medium-font-size" style="font-style:normal;font-weight:300"><br> Les séances de coaching individuel sont idéales si vous cherchez une prise en charge précise et adaptée à vos attentes. Adriano établira avec soin un programme répondant à vos objectifs afin d&rsquo;obtenir un résultat optimum.</p>



<p> </p>



<div style="height:66px" aria-hidden="true" class="wp-block-spacer"></div>



<p class="has-text-color has-medium-font-size" style="color:#6a9602">Tarifs coaching individuel </p>



<figure class="wp-block-table is-style-stripes has-medium-font-size"><table class="has-fixed-layout"><thead><tr><th></th><th class="has-text-align-center" data-align="center"></th><th class="has-text-align-center" data-align="center"></th></tr></thead><tbody><tr><td> 1 séance</td><td class="has-text-align-center" data-align="center"> 45 €</td><td class="has-text-align-center" data-align="center"> 40 €</td></tr><tr><td>10 séances</td><td class="has-text-align-center" data-align="center">400 €</td><td class="has-text-align-center" data-align="center">350 €</td></tr></tbody></table><figcaption class="wp-element-caption">                                                                                                                                                    *   Sur présentation de la carte étudiant</figcaption></figure>



<div style="height:47px" aria-hidden="true" class="wp-block-spacer"></div>



<p class="has-text-color has-medium-font-size" style="color:#6a9602">Tarifs coaching semi-collectif</p>



<p class="has-text-color has-medium-font-size" style="color:#024064;font-style:normal;font-weight:200;letter-spacing:5px">Profitez de votre séance entre amis ou en famille</p>



<figure class="wp-block-table is-style-stripes has-medium-font-size"><table class="has-fixed-layout"><thead><tr><th class="has-text-align-center" data-align="center">3 à 5 personnes</th><th class="has-text-align-center" data-align="center">Adultes</th></tr></thead><tbody><tr><td class="has-text-align-center" data-align="center"> 1 séance</td><td class="has-text-align-center" data-align="center"> 15 € / PP</td></tr><tr><td class="has-text-align-center" data-align="center">10 séances</td><td class="has-text-align-center" data-align="center">120 € / PP</td></tr></tbody></table><figcaption class="wp-element-caption">                                                                                                                                                    *   Sur présentation de la carte étudiant</figcaption></figure>


<a class="has-text-color has-white-color wp-block-read-more" href="http://aquasantebeloeil.be/index.php/seances-individuelles/" target="_self">Lire la suite</a>


<div style="height:78px" aria-hidden="true" class="wp-block-spacer"></div>



<p class="has-text-align-left has-text-color has-background has-medium-font-size" style="color:#26668e;background-color:#c8e8ff;font-style:normal;font-weight:300">Bilan santé&nbsp;&#8211; Durée : 30 min</p>



<p class="has-text-align-right has-text-color has-medium-font-size" style="color:#6a9602">Coach : TANCREDI Adriano </p>



<p></p>



<p class="has-text-align-center has-medium-font-size" style="font-style:normal;font-weight:300">Le bilan vous permettra à tous, sportif ou non, de faire le point sur votre état de santé avant la reprise du sport. Durant 30 minutes Adriano établira votre dossier qui s&rsquo;avèrera être un compte rendu de votre état physique du moment (masse maigre, masse grasse, préférences motrices, &#8230;). Si vous souhaitez reprendre le sport, ce bilan est idéal afin de poser de bonnes bases pour une reprise sous contrôle et adaptée à vos besoins.</p>



<p class="has-text-color has-medium-font-size" style="color:#6a9602">Tarifs : 20€ / séance</p>



<div style="height:47px" aria-hidden="true" class="wp-block-spacer"></div>



<p class="has-text-align-center has-text-color has-large-font-size" style="color:#03476f;font-style:normal;font-weight:200;letter-spacing:3px">Informations et réservations : 0497 46 74 38</p>



<div class="wp-block-media-text alignwide is-stacked-on-mobile"><figure class="wp-block-media-text__media"><video controls src="http://aquasantebeloeil.be/wp-content/uploads/2022/11/299365440_5392196324208236_5776762421419572265_n.mp4"></video></figure><div class="wp-block-media-text__content">
<pre class="wp-block-verse has-text-color" style="color:#035b8e"><em>" Merci Adriano pour ton travail. Grâce aux conseils avisés et à la prise en charge adaptée, j'ai pu perdre plusieurs kilos et me sentir mieux dans ma peau "
Gino, 56 ans</em></pre>
</div></div>

<div class="slide-text-bg2"><span>Coaching individuel&nbsp;&#8211; Durée : 60 min Personne en charge : TANCREDI Adriano Les séances de coaching individuel sont idéales si vous cherchez u</span></div>
<div class="slide-btn-area-sm"><a href="http://aquasantebeloeil.be/index.php/seances-individuelles/" class="slide-btn-sm">Lire la suite</a></div>
