{"id":662,"date":"2023-11-17T12:21:08","date_gmt":"2023-11-17T11:21:08","guid":{"rendered":"http:\/\/aquasantebeloeil.be\/?page_id=662"},"modified":"2025-09-30T16:13:41","modified_gmt":"2025-09-30T14:13:41","slug":"apprentissage-a-la-nage","status":"publish","type":"page","link":"http:\/\/aquasantebeloeil.be\/index.php\/apprentissage-a-la-nage\/","title":{"rendered":"Apprentissage \u00e0 la nage"},"content":{"rendered":"\n<p class=\"has-text-align-right has-text-color has-medium-font-size\" style=\"color:#6a9602\">Personne en charge : TANCREDI Adriano <\/p>\n\n\n\n<p class=\"has-text-color has-medium-font-size\" style=\"color:#1d7756;font-style:normal;font-weight:700\">L&rsquo;initiation \u00e0 la nage d\u00e8s 4 ans ! <\/p>\n\n\n\n<div style=\"height:66px\" aria-hidden=\"true\" class=\"wp-block-spacer\"><\/div>\n\n\n\n<p class=\"has-text-align-center has-text-color\" style=\"color:#1a638c;font-size:26px;font-style:normal;font-weight:100\">Les cours d&rsquo;initiation \u00e0 la nage permettent \u00e0 votre enfant d&rsquo;apprendre les bases de la natation en petit groupe<\/p>\n\n\n\n<div style=\"height:66px\" aria-hidden=\"true\" class=\"wp-block-spacer\"><\/div>\n\n\n\n<p class=\"has-medium-font-size\" style=\"font-style:normal;font-weight:300\"><br>Le cours d&rsquo;initiation donne la possibilit\u00e9 aux enfants de vivre leur apprentissage de mani\u00e8re individuelle gr\u00e2ce au petit nombre de participants au sein du groupe. Cet atout permet \u00e9galement une grande flexibilit\u00e9 aux parents sur le type d&rsquo;apprentissage souhait\u00e9. Le coach sportif est \u00e0 l&rsquo;\u00e9coute de vos attentes ainsi que des objectifs de votre enfant. Il lui enseignera les apprentissages d\u00e9sir\u00e9s dans un cadre sportif et ludique en accompagnant vos bouts de chou dans l&rsquo;eau pour un meilleur suivi. <\/p>\n\n\n\n<div style=\"height:55px\" aria-hidden=\"true\" class=\"wp-block-spacer\"><\/div>\n\n\n\n<p class=\"has-medium-font-size\" style=\"font-style:normal;font-weight:300\">Les cours se d\u00e9roulent sous forme d&rsquo;un cycle de <strong>6 semaines<\/strong> les mercredis et vendredis apr\u00e8s-midi, et sur une p\u00e9riode de <strong>60 min<\/strong>. <br>Les cycles courts vous permettent, tant \u00e0 vous qu&rsquo;\u00e0 votre enfant, de perfectionner des apprentissages souhait\u00e9s pour lui. Il n&rsquo;est alors pas obligatoire pour votre enfant de suivre un semestre, voire une ann\u00e9e, de cours si votre seul objectif est, par exemple, qu&rsquo;il apprenne \u00e0 mettre la t\u00eate dans l&rsquo;eau. <\/p>\n\n\n\n<div style=\"height:34px\" aria-hidden=\"true\" class=\"wp-block-spacer\"><\/div>\n\n\n\n<p class=\"has-text-align-center\"><strong>Cependant, les cycles peuvent \u00eatre reconduits si les apprentissages n\u00e9cessitent des objectifs \u00e0 long terme<\/strong>.<\/p>\n\n\n\n<div style=\"height:109px\" aria-hidden=\"true\" class=\"wp-block-spacer\"><\/div>\n\n\n\n<p class=\"has-text-align-center has-text-color has-medium-font-size\" style=\"color:#1a638c;font-style:normal;font-weight:100\">Jours et heures<\/p>\n\n\n\n<figure class=\"wp-block-table is-style-stripes has-medium-font-size\" style=\"font-style:normal;font-weight:600\"><table class=\"has-text-color has-fixed-layout\" style=\"color:#016d11\"><tbody><tr><td class=\"has-text-align-center\" data-align=\"center\">Mercredi<br><\/td><td class=\"has-text-align-center\" data-align=\"center\"><br><\/td><\/tr><tr><td class=\"has-text-align-center\" data-align=\"center\">13H20<\/td><td class=\"has-text-align-center\" data-align=\"center\"><\/td><\/tr><tr><td class=\"has-text-align-center\" data-align=\"center\">14h30<\/td><td class=\"has-text-align-center\" data-align=\"center\"><\/td><\/tr><\/tbody><\/table><\/figure>\n\n\n\n<div style=\"height:48px\" aria-hidden=\"true\" class=\"wp-block-spacer\"><\/div>\n\n\n\n<p class=\"has-medium-font-size\" style=\"font-style:normal;font-weight:300\"><strong>Nombre de participants : <\/strong>4 enfants \/ heure de cours<br><br><strong>Prix:<\/strong> 150\u20ac pour un cycle de 6 s\u00e9ances.<\/p>\n\n\n\n<p style=\"font-style:normal;font-weight:300\"><br><\/p>\n\n\n\n<div style=\"height:80px\" aria-hidden=\"true\" class=\"wp-block-spacer\"><\/div>\n\n\n\n<p class=\"has-text-align-center has-text-color has-large-font-size\" style=\"color:#03476f;font-style:normal;font-weight:200;letter-spacing:3px\">Informations et r\u00e9servations : 069 86 89 65<\/p>\n\n\n\n<div style=\"height:80px\" aria-hidden=\"true\" class=\"wp-block-spacer\"><\/div>\n\n\n\n<p style=\"font-style:normal;font-weight:300\"><br>Quelques informations:<\/p>\n\n\n\n<ul>\n<li>Paiement d&rsquo;un acompte de 50\u20ac pour valider l&rsquo;inscription<\/li>\n\n\n\n<li>Le solde est a payer au premier cours<\/li>\n\n\n\n<li>Bonnet non-obligatoire<\/li>\n\n\n\n<li>Lunettes de natation vivement conseill\u00e9es<\/li>\n\n\n\n<li>Afin de ne pas perturber les apprentissages de votre enfant, il est demand\u00e9 aux parents de ne pas rester durant le cours. <strong>Cependant, pour le dernier cours, les parents sont invit\u00e9s \u00e0 constater les progr\u00e8s de leurs petits poissons durant le dernier quart d&rsquo;heure.<br><\/strong><\/li>\n<\/ul>\n\n\n\n<p><strong>Certain(e)s de nos petits nageur(euse)s<\/strong><\/p>\n\n\n\n<figure class=\"wp-block-image size-large\"><img decoding=\"async\" loading=\"lazy\" width=\"768\" height=\"1024\" src=\"http:\/\/aquasantebeloeil.be\/wp-content\/uploads\/2023\/12\/370130504_3577479695902795_5687590524486193776_n-768x1024.jpg\" alt=\"\" class=\"wp-image-869\" srcset=\"http:\/\/aquasantebeloeil.be\/wp-content\/uploads\/2023\/12\/370130504_3577479695902795_5687590524486193776_n-768x1024.jpg 768w, http:\/\/aquasantebeloeil.be\/wp-content\/uploads\/2023\/12\/370130504_3577479695902795_5687590524486193776_n-225x300.jpg 225w, http:\/\/aquasantebeloeil.be\/wp-content\/uploads\/2023\/12\/370130504_3577479695902795_5687590524486193776_n-1152x1536.jpg 1152w, http:\/\/aquasantebeloeil.be\/wp-content\/uploads\/2023\/12\/370130504_3577479695902795_5687590524486193776_n.jpg 1536w\" sizes=\"(max-width: 768px) 100vw, 768px\" \/><\/figure>\n\n\n\n<figure class=\"wp-block-image\"><img alt=\"\"\/><\/figure>\n","protected":false},"excerpt":{"rendered":"<div class=\"slide-text-bg2\"><span>Personne en charge : TANCREDI Adriano L&rsquo;initiation \u00e0 la nage d\u00e8s 4 ans ! Les cours d&rsquo;initiation \u00e0 la nage permettent \u00e0 votre enfant d&#038;rsquo<\/span><\/div>\n<div class=\"slide-btn-area-sm\"><a href=\"http:\/\/aquasantebeloeil.be\/index.php\/apprentissage-a-la-nage\/\" class=\"slide-btn-sm\">Lire la suite<\/a><\/div>\n","protected":false},"author":1,"featured_media":0,"parent":0,"menu_order":0,"comment_status":"closed","ping_status":"closed","template":"","meta":{"sfsi_plus_gutenberg_text_before_share":"","sfsi_plus_gutenberg_show_text_before_share":"","sfsi_plus_gutenberg_icon_type":"","sfsi_plus_gutenberg_icon_alignemt":"","sfsi_plus_gutenburg_max_per_row":""},"_links":{"self":[{"href":"http:\/\/aquasantebeloeil.be\/index.php\/wp-json\/wp\/v2\/pages\/662"}],"collection":[{"href":"http:\/\/aquasantebeloeil.be\/index.php\/wp-json\/wp\/v2\/pages"}],"about":[{"href":"http:\/\/aquasantebeloeil.be\/index.php\/wp-json\/wp\/v2\/types\/page"}],"author":[{"embeddable":true,"href":"http:\/\/aquasantebeloeil.be\/index.php\/wp-json\/wp\/v2\/users\/1"}],"replies":[{"embeddable":true,"href":"http:\/\/aquasantebeloeil.be\/index.php\/wp-json\/wp\/v2\/comments?post=662"}],"version-history":[{"count":14,"href":"http:\/\/aquasantebeloeil.be\/index.php\/wp-json\/wp\/v2\/pages\/662\/revisions"}],"predecessor-version":[{"id":923,"href":"http:\/\/aquasantebeloeil.be\/index.php\/wp-json\/wp\/v2\/pages\/662\/revisions\/923"}],"wp:attachment":[{"href":"http:\/\/aquasantebeloeil.be\/index.php\/wp-json\/wp\/v2\/media?parent=662"}],"curies":[{"name":"wp","href":"https:\/\/api.w.org\/{rel}","templated":true}]}}

Apprentissage à la nage

<p class="has-text-align-right has-text-color has-medium-font-size" style="color:#6a9602">Personne en charge : TANCREDI Adriano </p>



<p class="has-text-color has-medium-font-size" style="color:#1d7756;font-style:normal;font-weight:700">L&rsquo;initiation à la nage dès 4 ans ! </p>



<div style="height:66px" aria-hidden="true" class="wp-block-spacer"></div>



<p class="has-text-align-center has-text-color" style="color:#1a638c;font-size:26px;font-style:normal;font-weight:100">Les cours d&rsquo;initiation à la nage permettent à votre enfant d&rsquo;apprendre les bases de la natation en petit groupe</p>



<div style="height:66px" aria-hidden="true" class="wp-block-spacer"></div>



<p class="has-medium-font-size" style="font-style:normal;font-weight:300"><br>Le cours d&rsquo;initiation donne la possibilité aux enfants de vivre leur apprentissage de manière individuelle grâce au petit nombre de participants au sein du groupe. Cet atout permet également une grande flexibilité aux parents sur le type d&rsquo;apprentissage souhaité. Le coach sportif est à l&rsquo;écoute de vos attentes ainsi que des objectifs de votre enfant. Il lui enseignera les apprentissages désirés dans un cadre sportif et ludique en accompagnant vos bouts de chou dans l&rsquo;eau pour un meilleur suivi. </p>



<div style="height:55px" aria-hidden="true" class="wp-block-spacer"></div>



<p class="has-medium-font-size" style="font-style:normal;font-weight:300">Les cours se déroulent sous forme d&rsquo;un cycle de <strong>6 semaines</strong> les mercredis et vendredis après-midi, et sur une période de <strong>60 min</strong>. <br>Les cycles courts vous permettent, tant à vous qu&rsquo;à votre enfant, de perfectionner des apprentissages souhaités pour lui. Il n&rsquo;est alors pas obligatoire pour votre enfant de suivre un semestre, voire une année, de cours si votre seul objectif est, par exemple, qu&rsquo;il apprenne à mettre la tête dans l&rsquo;eau. </p>



<div style="height:34px" aria-hidden="true" class="wp-block-spacer"></div>



<p class="has-text-align-center"><strong>Cependant, les cycles peuvent être reconduits si les apprentissages nécessitent des objectifs à long terme</strong>.</p>



<div style="height:109px" aria-hidden="true" class="wp-block-spacer"></div>



<p class="has-text-align-center has-text-color has-medium-font-size" style="color:#1a638c;font-style:normal;font-weight:100">Jours et heures</p>



<figure class="wp-block-table is-style-stripes has-medium-font-size" style="font-style:normal;font-weight:600"><table class="has-text-color has-fixed-layout" style="color:#016d11"><tbody><tr><td class="has-text-align-center" data-align="center">Mercredi<br></td><td class="has-text-align-center" data-align="center"><br></td></tr><tr><td class="has-text-align-center" data-align="center">13H20</td><td class="has-text-align-center" data-align="center"></td></tr><tr><td class="has-text-align-center" data-align="center">14h30</td><td class="has-text-align-center" data-align="center"></td></tr></tbody></table></figure>



<div style="height:48px" aria-hidden="true" class="wp-block-spacer"></div>



<p class="has-medium-font-size" style="font-style:normal;font-weight:300"><strong>Nombre de participants : </strong>4 enfants / heure de cours<br><br><strong>Prix:</strong> 150€ pour un cycle de 6 séances.</p>



<p style="font-style:normal;font-weight:300"><br></p>



<div style="height:80px" aria-hidden="true" class="wp-block-spacer"></div>



<p class="has-text-align-center has-text-color has-large-font-size" style="color:#03476f;font-style:normal;font-weight:200;letter-spacing:3px">Informations et réservations : 069 86 89 65</p>



<div style="height:80px" aria-hidden="true" class="wp-block-spacer"></div>



<p style="font-style:normal;font-weight:300"><br>Quelques informations:</p>



<ul>
<li>Paiement d&rsquo;un acompte de 50€ pour valider l&rsquo;inscription</li>



<li>Le solde est a payer au premier cours</li>



<li>Bonnet non-obligatoire</li>



<li>Lunettes de natation vivement conseillées</li>



<li>Afin de ne pas perturber les apprentissages de votre enfant, il est demandé aux parents de ne pas rester durant le cours. <strong>Cependant, pour le dernier cours, les parents sont invités à constater les progrès de leurs petits poissons durant le dernier quart d&rsquo;heure.<br></strong></li>
</ul>



<p><strong>Certain(e)s de nos petits nageur(euse)s</strong></p>



<figure class="wp-block-image size-large"><img decoding="async" loading="lazy" width="768" height="1024" src="http://aquasantebeloeil.be/wp-content/uploads/2023/12/370130504_3577479695902795_5687590524486193776_n-768x1024.jpg" alt="" class="wp-image-869" srcset="http://aquasantebeloeil.be/wp-content/uploads/2023/12/370130504_3577479695902795_5687590524486193776_n-768x1024.jpg 768w, http://aquasantebeloeil.be/wp-content/uploads/2023/12/370130504_3577479695902795_5687590524486193776_n-225x300.jpg 225w, http://aquasantebeloeil.be/wp-content/uploads/2023/12/370130504_3577479695902795_5687590524486193776_n-1152x1536.jpg 1152w, http://aquasantebeloeil.be/wp-content/uploads/2023/12/370130504_3577479695902795_5687590524486193776_n.jpg 1536w" sizes="(max-width: 768px) 100vw, 768px" /></figure>



<figure class="wp-block-image"><img alt=""/></figure>

<div class="slide-text-bg2"><span>Personne en charge : TANCREDI Adriano L&rsquo;initiation à la nage dès 4 ans ! Les cours d&rsquo;initiation à la nage permettent à votre enfant d&#038;rsquo</span></div>
<div class="slide-btn-area-sm"><a href="http://aquasantebeloeil.be/index.php/apprentissage-a-la-nage/" class="slide-btn-sm">Lire la suite</a></div>
