{"id":733,"date":"2023-11-17T21:08:45","date_gmt":"2023-11-17T20:08:45","guid":{"rendered":"http:\/\/aquasantebeloeil.be\/?page_id=733"},"modified":"2023-12-06T19:51:09","modified_gmt":"2023-12-06T18:51:09","slug":"lorthopedagogie","status":"publish","type":"page","link":"http:\/\/aquasantebeloeil.be\/index.php\/lorthopedagogie\/","title":{"rendered":"L&rsquo;orthop\u00e9dagogie"},"content":{"rendered":"\n<div style=\"height:63px\" aria-hidden=\"true\" class=\"wp-block-spacer\"><\/div>\n\n\n<div class=\"wp-block-image\">\n<figure class=\"alignright size-large is-resized\"><img decoding=\"async\" loading=\"lazy\" src=\"http:\/\/aquasantebeloeil.be\/wp-content\/uploads\/2023\/11\/385078215_827563462491364_4707131248566708831_n-1024x1024.jpg\" alt=\"\" class=\"wp-image-736\" width=\"201\" height=\"201\" srcset=\"http:\/\/aquasantebeloeil.be\/wp-content\/uploads\/2023\/11\/385078215_827563462491364_4707131248566708831_n-1024x1024.jpg 1024w, http:\/\/aquasantebeloeil.be\/wp-content\/uploads\/2023\/11\/385078215_827563462491364_4707131248566708831_n-300x300.jpg 300w, http:\/\/aquasantebeloeil.be\/wp-content\/uploads\/2023\/11\/385078215_827563462491364_4707131248566708831_n-150x150.jpg 150w, http:\/\/aquasantebeloeil.be\/wp-content\/uploads\/2023\/11\/385078215_827563462491364_4707131248566708831_n-768x768.jpg 768w, http:\/\/aquasantebeloeil.be\/wp-content\/uploads\/2023\/11\/385078215_827563462491364_4707131248566708831_n.jpg 1440w\" sizes=\"(max-width: 201px) 100vw, 201px\" \/><\/figure><\/div>\n\n\n<p class=\"has-medium-font-size\">Marie Willocq, orthop\u00e9dagogue dipl\u00f4m\u00e9e de l&rsquo;universit\u00e9 de Mons, vous re\u00e7oit au sein du centre. Marie met un point d&rsquo;honneur \u00e0 adapter l&rsquo;environnement aux besoins sp\u00e9cifiques ainsi qu&rsquo;\u00e0 d\u00e9velopper des outils personnalis\u00e9s pour pallier aux diff\u00e9rentes difficult\u00e9s et favoriser l&rsquo;autonomie au quotidien.<\/p>\n\n\n\n<p><\/p>\n\n\n\n<p class=\"has-medium-font-size\">Elle intervient aupr\u00e8s de personnes ou d&rsquo;enfants pr\u00e9sentants des probl\u00e8mes \u00e9ducatifs, comportementaux, de d\u00e9veloppement ou d\u2019apprentissage. Elle intervient donc prioritairement aupr\u00e8s d\u2019un public cible \u00e0 besoins sp\u00e9cifiques ou dit en situation de handicap.<\/p>\n\n\n\n<div style=\"height:92px\" aria-hidden=\"true\" class=\"wp-block-spacer\"><\/div>\n\n\n\n<p class=\"has-text-align-center has-text-color has-large-font-size\" style=\"color:#034a73;font-style:normal;font-weight:200;letter-spacing:3px\">Informations et rendez-vous  : 0472 78 50 34<\/p>\n","protected":false},"excerpt":{"rendered":"<div class=\"slide-text-bg2\"><span>Marie Willocq, orthop\u00e9dagogue dipl\u00f4m\u00e9e de l&rsquo;universit\u00e9 de Mons, vous re\u00e7oit au sein du centre. Marie met un point d&rsquo;honneur \u00e0 adapter l&#038;r<\/span><\/div>\n<div class=\"slide-btn-area-sm\"><a href=\"http:\/\/aquasantebeloeil.be\/index.php\/lorthopedagogie\/\" class=\"slide-btn-sm\">Lire la suite<\/a><\/div>\n","protected":false},"author":1,"featured_media":0,"parent":0,"menu_order":0,"comment_status":"closed","ping_status":"closed","template":"","meta":{"sfsi_plus_gutenberg_text_before_share":"","sfsi_plus_gutenberg_show_text_before_share":"","sfsi_plus_gutenberg_icon_type":"","sfsi_plus_gutenberg_icon_alignemt":"","sfsi_plus_gutenburg_max_per_row":""},"_links":{"self":[{"href":"http:\/\/aquasantebeloeil.be\/index.php\/wp-json\/wp\/v2\/pages\/733"}],"collection":[{"href":"http:\/\/aquasantebeloeil.be\/index.php\/wp-json\/wp\/v2\/pages"}],"about":[{"href":"http:\/\/aquasantebeloeil.be\/index.php\/wp-json\/wp\/v2\/types\/page"}],"author":[{"embeddable":true,"href":"http:\/\/aquasantebeloeil.be\/index.php\/wp-json\/wp\/v2\/users\/1"}],"replies":[{"embeddable":true,"href":"http:\/\/aquasantebeloeil.be\/index.php\/wp-json\/wp\/v2\/comments?post=733"}],"version-history":[{"count":5,"href":"http:\/\/aquasantebeloeil.be\/index.php\/wp-json\/wp\/v2\/pages\/733\/revisions"}],"predecessor-version":[{"id":836,"href":"http:\/\/aquasantebeloeil.be\/index.php\/wp-json\/wp\/v2\/pages\/733\/revisions\/836"}],"wp:attachment":[{"href":"http:\/\/aquasantebeloeil.be\/index.php\/wp-json\/wp\/v2\/media?parent=733"}],"curies":[{"name":"wp","href":"https:\/\/api.w.org\/{rel}","templated":true}]}}

L&rsquo;orthopédagogie

<div style="height:63px" aria-hidden="true" class="wp-block-spacer"></div>


<div class="wp-block-image">
<figure class="alignright size-large is-resized"><img decoding="async" loading="lazy" src="http://aquasantebeloeil.be/wp-content/uploads/2023/11/385078215_827563462491364_4707131248566708831_n-1024x1024.jpg" alt="" class="wp-image-736" width="201" height="201" srcset="http://aquasantebeloeil.be/wp-content/uploads/2023/11/385078215_827563462491364_4707131248566708831_n-1024x1024.jpg 1024w, http://aquasantebeloeil.be/wp-content/uploads/2023/11/385078215_827563462491364_4707131248566708831_n-300x300.jpg 300w, http://aquasantebeloeil.be/wp-content/uploads/2023/11/385078215_827563462491364_4707131248566708831_n-150x150.jpg 150w, http://aquasantebeloeil.be/wp-content/uploads/2023/11/385078215_827563462491364_4707131248566708831_n-768x768.jpg 768w, http://aquasantebeloeil.be/wp-content/uploads/2023/11/385078215_827563462491364_4707131248566708831_n.jpg 1440w" sizes="(max-width: 201px) 100vw, 201px" /></figure></div>


<p class="has-medium-font-size">Marie Willocq, orthopédagogue diplômée de l&rsquo;université de Mons, vous reçoit au sein du centre. Marie met un point d&rsquo;honneur à adapter l&rsquo;environnement aux besoins spécifiques ainsi qu&rsquo;à développer des outils personnalisés pour pallier aux différentes difficultés et favoriser l&rsquo;autonomie au quotidien.</p>



<p></p>



<p class="has-medium-font-size">Elle intervient auprès de personnes ou d&rsquo;enfants présentants des problèmes éducatifs, comportementaux, de développement ou d’apprentissage. Elle intervient donc prioritairement auprès d’un public cible à besoins spécifiques ou dit en situation de handicap.</p>



<div style="height:92px" aria-hidden="true" class="wp-block-spacer"></div>



<p class="has-text-align-center has-text-color has-large-font-size" style="color:#034a73;font-style:normal;font-weight:200;letter-spacing:3px">Informations et rendez-vous  : 0472 78 50 34</p>

<div class="slide-text-bg2"><span>Marie Willocq, orthopédagogue diplômée de l&rsquo;université de Mons, vous reçoit au sein du centre. Marie met un point d&rsquo;honneur à adapter l&#038;r</span></div>
<div class="slide-btn-area-sm"><a href="http://aquasantebeloeil.be/index.php/lorthopedagogie/" class="slide-btn-sm">Lire la suite</a></div>
